 = 96*k + 2*u + 186. What is the greatest common factor of k and 1220?
20
Suppose -8559 + 44346 = 79*r. What is the greatest common divisor of r and 11929?
151
Suppose 2*u - 13 = 3*c + 344, 3*u = -5*c + 488. Calculate the greatest common factor of 19 and u.
19
Let w be 51/68 - (-13)/4 - -419. Suppose 2*g = -t + 111, 2*g = -4*t + g + w. What is the highest common factor of 30 and t?
15
Let p be 8/(-28)*-7*(-9 + 9 - -2424). What is the highest common divisor of 72 and p?
24
Suppose -3*f + 1250 = 5*c, 4*c - 1400 = f - 400. Suppose 16*j = 11*j - 5*g + 465, -3*g + 79 = j. What is the highest common divisor of j and c?
50
Suppose -99*x + 5300 = 7*x. What is the greatest common factor of x and 410?
10
Let k be (26/(-2))/((-1)/1). Let m be 66136/728 + 7/(91/2). What is the greatest common divisor of m and k?
13
Let v = 19730 - 19696. Calculate the highest common factor of 69938 and v.
34
Let r(j) = 10*j**2 - 6*j + 12 - 7*j + j**2 - j**3 + 3*j. Let p be r(5). What is the greatest common factor of 7 and p?
7
Let n = 101 + -101. Suppose -22 = -2*j - n. Suppose 6*v - 132 = 3*v. What is the highest common factor of j and v?
11
Let y be -14 + (19550 - 20) + -7. Calculate the highest common divisor of 42 and y.
21
Let q(r) = 10*r**2 - 56*r - 251. Let a be q(-5). What is the highest common divisor of 1333 and a?
31
Suppose -2*p + 25 = 9. Let v = -189861 + 189877. Calculate the greatest common factor of v and p.
8
Let s be (41/5 + -1)/(12/60). What is the highest common factor of 1128 and s?
12
Suppose -4*h - z + 59 = 0, -6 = 3*h + 2*z - 49. Suppose h*v = 21*v - 30. What is the highest common divisor of v and 75?
5
Let v = -7652 + 7680. What is the greatest common factor of v and 5404?
28
Let u be ((4 - 7) + 2)*170. Let r be 30/(-4)*272/u. Calculate the highest common factor of 4 and r.
4
Let i be ((-3)/(-12))/(4/(-6096)*-3). Suppose 0*r + d - i = -4*r, -5*r + 155 = 2*d. What is the highest common divisor of 165 and r?
33
Suppose 0 = -19*p + 17*p + 444. Let t(c) = 163*c + 658. Let n be t(-4). Calculate the greatest common factor of p and n.
6
Suppose j - 5*h = -4, -4*j + 0*j = 2*h - 28. Suppose -j*o - 10 = -16. Let q be -78*((-3)/2 + o). What is the greatest common factor of q and 26?
13
Let h(o) = o**3 - 4*o**2 + o. Let n be h(4). Suppose -n*l + 4 = 0, 2*g + 90 = -0*g + 4*l. Let i = g + 59. What is the greatest common factor of 2 and i?
2
Let d(w) = -4*w + 143. Let y be d(-23). Calculate the highest common divisor of y and 423.
47
Suppose -10*i - 34*i = 84158 - 431098. Calculate the greatest common divisor of i and 190.
95
Suppose 4*j + 8804 = 6*z, 0 = -z + j - 5*j + 1500. What is the greatest common factor of z and 480?
32
Suppose 74*a - 309339 = 31061. Calculate the greatest common divisor of a and 253.
23
Let x = -5 + 2. Let b be ((-4)/x)/(4/30). Let f(l) = -l**3 - l**2 + 5*l + 15. Let i be f(0). Calculate the highest common divisor of b and i.
5
Let u be 651*(3 - (-8)/(-3)). Suppose -2*y - 31 = -s, 10*s = 13*s - 17*y - 93. What is the greatest common factor of s and u?
31
Suppose 22*m + 2*y + 184 = 23*m, -332 = -2*m - 5*y. Let t = m - 136. What is the greatest common factor of t and 200?
40
Suppose -2*f - 2*o + 34 = 2*o, 0 = -4*o. Let l = -224282 + 224503. Calculate the highest common divisor of f and l.
17
Suppose -2320 = -55*b + b - 62*b. What is the highest common divisor of 7060 and b?
20
Let o be 97/4 + 1/(-4). Let k be 88/(-11) - (-3 - -1). Let i be (-152 + 8)*3/k. Calculate the greatest common divisor of i and o.
24
Let l(b) = 5*b**2 + 60*b + 282. Let r be l(-6). What is the greatest common factor of r and 5134?
34
Let k = 8233 - 8173. What is the greatest common factor of k and 160?
20
Let a = 966 + -861. What is the highest common divisor of 105 and a?
105
Let s(i) = 56*i + 19. Let p be s(3). Let y = 286 - p. Calculate the highest common divisor of 18 and y.
9
Let a be 10*(-7)/(56/(-172)). Let p = 273 - a. What is the greatest common divisor of 58 and p?
58
Let v(x) = 15 + 18 - 5 + 2 - x. Let o be v(6). What is the highest common factor of o and 168?
24
Suppose -183 - 303 = -3*w. Suppose -w = 18*f - 21*f. Let i = -39 + 45. Calculate the greatest common factor of f and i.
6
Let o(n) = n**3 + 15*n**2 + 45*n + 95. Let k be o(-11). Calculate the greatest common divisor of 3675 and k.
21
Let p be (1 + (-112)/70)*-15. Let h = 2 - -1. Let m be p/h + (7 - 1). Calculate the greatest common factor of m and 9.
9
Let l = 8780 - 7830. What is the highest common divisor of 50 and l?
50
Suppose 2*t = -2*d + 5*d, -d = -t + 1. Let g be 69/((5/(-45))/(t/(-9))). Calculate the highest common factor of 36 and g.
9
Suppose -2*t - 5*z + 2*z + 16 = 0, t - 3*z = -10. Suppose 38*h = 26*h + 648. What is the highest common factor of h and t?
2
Suppose 2*r + 3*q + 5 = 0, -7*r - 3 = -2*r - 2*q. Let u be 21 - (0 + r)/(5/(-25)). Calculate the highest common divisor of u and 32.
16
Suppose 20*n - 15 = 15*n. Suppose -96 = -n*i - i. Calculate the highest common divisor of i and 216.
24
Suppose -10*h = -12*h - 4, -4*s + 5*h + 1122 = 0. What is the greatest common divisor of 12 and s?
2
Suppose -4*f + 2*d - 213 = -2111, -2*d + 2377 = 5*f. Let v = -940 + 959. What is the greatest common divisor of f and v?
19
Suppose -10*i + 23 = -127. Suppose -i*a + 17*a = 80. Calculate the greatest common factor of 80 and a.
40
Suppose -5*l + 288 = 4*k, 3*k + 25*l - 29*l - 216 = 0. Calculate the highest common divisor of k and 480.
24
Let k be (-2*(-5)/(-15))/((-6)/(-27)). Let g be (-5)/k*(-6)/(-5). Let f be -1*((g + 16)*-1 - 0). What is the greatest common divisor of 12 and f?
6
Let i(z) = 2*z**2 - 2*z + 130. Let p be 0*-2*(-1)/(-2)*-1. Let r be i(p). Suppose 0*b = 2*b + 4, -s = 3*b - r. What is the highest common divisor of 17 and s?
17
Suppose -5*v + 165*q + 507 = 168*q, 190 = 2*v - 2*q. Suppose 0*t = 5*t - o - 46, 3*o + 3 = 0. Calculate the greatest common divisor of v and t.
9
Let u = 178 + -167. Let m(b) = -b**2 + 11*b + 8. Let j be m(u). Calculate the highest common factor of j and 9.
1
Let g = -616 + 619. Let n be ((-4)/(-6))/((-6)/(-117)). Suppose 104 = 3*o - n. What is the greatest common factor of g and o?
3
Let o be (-50)/40 + (-4 - (-3366)/24). Calculate the highest common divisor of 245 and o.
5
Let b be 1 - (2 - (-5 - -13)) - -3097. Calculate the highest common divisor of b and 32.
32
Suppose 6*n - 9*n - 5*m + 45 = 0, 0 = -5*n - 4*m + 75. Suppose -n*w + 31*w - 1536 = 0. Calculate the highest common factor of 48 and w.
48
Let p(i) = 2*i**2 - 4*i - 3. Let c be p(-1). Let k(d) = 5*d. Let l be k(c). Let u be (-228)/15*-2*l/6. Calculate the highest common factor of 19 and u.
19
Let g = -1681 - -3031. What is the highest common divisor of 54 and g?
54
Let y be (2178/77)/(((-135)/42)/(-15)). Suppose 0 = -4*l - l. Suppose l = -0*b + b - 12. Calculate the greatest common factor of y and b.
12
Let u(d) = 10*d**2 + 17*d + 26. Let c be u(-7). Let g = c + -391. Calculate the greatest common divisor of 9 and g.
3
Let u be -14 - (-10 - -2) - -111. What is the greatest common divisor of 45 and u?
15
Let d be ((-2)/((-8)/(-58)))/(3/(-18)). Let z = d + -80. Suppose -z*b + 60 = -6*b. What is the greatest common factor of 30 and b?
30
Let c = -102 + 103. Let w(v) = 69*v + 1. Let m be w(c). Suppose 4*p - 64 = 48. What is the highest common divisor of p and m?
14
Let k = 99 + -94. Suppose 2*h = -j - 3, 2*j - k*h + 8 - 2 = 0. Let x be 2 - (j - (-1 - -2)). What is the highest common factor of 18 and x?
6
Let t(q) = 322*q**2 + 52*q + 55. Let k be t(-1). What is the highest common divisor of k and 26?
13
Let x = -8135 - -8947. Calculate the highest common divisor of 3451 and x.
203
Suppose -1824 = -81*q + 3522. What is the highest common divisor of 14718 and q?
66
Let w = 6 - 4. Let r = -38 - -48. Let f be 224/40*r/4. What is the greatest common divisor of f and w?
2
Let l(m) = -8*m**2 - 235*m - 38. Let d be l(-29). Calculate the greatest common factor of d and 1393.
7
Let y = 530 - 523. Let u(w) = -w**3 - 7*w**2 - 8*w - 9. Let l be u(-8). Calculate the greatest common factor of y and l.
7
Let g = -39101 - -42751. Calculate the highest common factor of 800 and g.
50
Let s = -657 - -685. What is the highest common factor of 259 and s?
7
Let m be (-400)/(-32)*(-6)/(-5). Let d be 5*2*(m - 16). Let v be ((-3